emainder when 158 is divided by (-1 + 8)/(-7)*-40.
38
Let t = 149 - 179. Calculate the remainder when t/(0 + (-6 - -4)) is divided by 12.
3
Let o(w) = -52*w**3 - 3*w - 2. Let j = 1242 + -1220. Calculate the remainder when o(-1) is divided by j.
9
Let n = -60 - -77. Suppose -5*b - 1284 = -n*b. What is the remainder when b is divided by 8?
3
Let i(r) = 2*r + 32. Let m be 35/(-8) - 90/(-240). What is the remainder when i(m) is divided by 24?
0
Suppose 40*a = 36*a - 48. Let m(j) = j**3 + 11*j**2 - 13*j + 3. Calculate the remainder when 54 is divided by m(a).
9
Let a = -189 + 327. What is the remainder when a/1 + (-1)/((-7)/(-7)) is divided by 47*(5 + -1)/4?
43
Suppose -28 = -4*n + x, x + 3 = n - 1. Suppose -n*y = -3*y - 280. Suppose 24*r = -13*r + 32*r + 75. What is the remainder when y is divided by r?
11
Suppose 4*g - 4 = 3*i - i, -5*g = -2*i - 7. Suppose -g*d + 44 = d. Let a(t) = -t**3 + 11*t**2 - 7*t - 3. Calculate the remainder when a(9) is divided by d.
8
Let j = 1213 - 1020. Suppose -35 = -2*m + j. Calculate the remainder when m is divided by 59.
55
Let m be ((-8)/(-12))/(1/((-21)/(-2))). What is the remainder when (6/(-9))/(m/(-1722)) + -4 is divided by 41?
37
Suppose 4*m + 10 = j, -5*j - m = 4*m. Suppose -5*f = 2*i - 172, 2*f = 5*f + j*i - 104. What is the remainder when f is divided by 20?
14
Let y be 252/126 - 3/(3/2). Suppose 5*c + 2*d + 148 - 448 = 0, -c - 3*d = -60. What is the remainder when c is divided by ((-2)/(-3))/(29/696) + y?
12
Suppose -23*t - 2424 = -11*t. Let v = t - -356. Calculate the remainder when v is divided by 26.
24
Suppose -146*f + 6685 + 14909 = 31*f. What is the remainder when 643 is divided by f?
33
Suppose -1752*r + 1745*r + 2772 = 0. Calculate the remainder when r is divided by 54.
18
Let m = 3952 + -3933. What is the remainder when 215 is divided by m?
6
Let d(j) = 4*j - 149. Let c(h) = 12*h - 450. Let u(g) = -3*c(g) + 8*d(g). What is the remainder when u(15) is divided by 9?
8
Let b(j) = -263*j - 109. Let w be b(-8). Suppose -106*g + 99*g + w = 0. Calculate the remainder when g is divided by 58.
53
Let h be 165 + 0 + (-1)/(-1). Let f = -72 + h. Suppose -4*y - 30 = -f. Calculate the remainder when y is divided by 9.
7
Calculate the remainder when 137 is divided by 2/(-24) - (-165)/180*131.
17
Let y = 3086 - 3076. What is the remainder when 129 is divided by y?
9
Let i be 1797/12 + (-1)/(-4). Let h = i - 118. Calculate the remainder when h is divided by 7.
4
Let y be (-20)/8*(-6)/5. Let g(p) = p - 4. Let m be g(4). Suppose -v - 18 = -r, m = -v - y*v. Calculate the remainder when r is divided by 4.
2
Let t = -48 + 72. Suppose -21*g - 102 = -t*g. Let f = 52 - g. What is the remainder when 31 is divided by f?
13
Let f(a) = a**3 - 3*a**2 + a + 4. Suppose 208*i - 228*i + 1223 = 283. Calculate the remainder when i is divided by f(4).
23
Suppose -l + v - 30 = -47, 4*l - 92 = -2*v. Calculate the remainder when 458 is divided by l.
17
What is the remainder when 1538 is divided by 4/(16/540) + 18*1/(-3)?
119
What is the remainder when 38280/((-72)/(-6)) + -2 is divided by 29?
27
Suppose -3*n = -6*y + 688 + 368, 4*y - 5*n - 722 = 0. What is the remainder when y is divided by ((-20)/3)/((-2)/6)?
13
Suppose -19*o - 4824 + 12253 = 0. Calculate the remainder when o is divided by 18.
13
Suppose 0 = -0*s - s - 4, -5*r + 2*s + 123 = 0. Let y = -19 + r. Suppose y*p - 74 = -p + z, 0 = -2*z + 2. What is the remainder when 58 is divided by p?
13
Let z = -72343 - -72365. Calculate the remainder when z is divided by 2/(-6) + (-68)/(-6).
0
Suppose 2*i = -2*b - 15 + 25, b + 2*i = -3. Calculate the remainder when 3/((-3)/(-71))*1 is divided by b.
6
Suppose -3*o - 9 = -6*o. Calculate the remainder when (-12)/54*(-197 + 26) is divided by o.
2
Suppose -4*k - 2333 = -3*z, 4*k - 16 = 12. Calculate the remainder when 1618 is divided by z.
44
Let u = -25 + 132. Let o = 151 - u. What is the remainder when o is divided by ((-12)/(-8))/((-3)/(-30))?
14
Suppose -359 = -x + 2*r + 885, -1224 = -x - 3*r. Let m be (-2)/3 + (x/9)/(-4). Let b = 133 + m. Calculate the remainder when b is divided by 17.
13
Suppose 0 = -o + 94 + 1. Let w(g) = 8*g + 107. Let r(n) = 12*n + 161. Let b(f) = 5*r(f) - 8*w(f). What is the remainder when o is divided by b(-25)?
46
Let b = 89 + -92. What is the remainder when (252/(-20))/(b/30) is divided by 28?
14
Suppose -4*y - 166*f = -169*f - 1049, 4*y + 3*f - 1079 = 0. Calculate the remainder when y is divided by 82.
20
Let z(p) = p**3 + 60*p**2 - 121*p + 233. What is the remainder when 147 is divided by z(-62)?
6
Suppose 0 = -36*d + 35*d + 249. Let b = d + -240. Calculate the remainder when 32 is divided by b.
5
Suppose 15*r + 114*r = -8*r + 3973. What is the remainder when 1615 is divided by r?
20
Let o = -1827 - -1841. What is the remainder when 11867 is divided by o?
9
Suppose 11281 = -623*w + 626*w - 2*h, 4*w - h = 15043. Calculate the remainder when w is divided by 171.
170
Let h = -5117 - -5138. Calculate the remainder when h is divided by 5.
1
Suppose 112 - 42 = 4*w - m, -4*m = 2*w - 44. Calculate the remainder when 4929 is divided by w.
15
Let i(a) = -38*a + 1040. Suppose t - 105 = -4*c, -2*c = -4*t - 0 - 66. Calculate the remainder when i(26) is divided by c.
25
Suppose -4*w + 0*t = -2*t - 22, 3*t = 4*w - 27. Suppose 0*h = -4*h - 4, -w*q - 4*h + 98 = 0. What is the remainder when 339 is divided by q?
33
Suppose 872*t - 637*t - 35955 = 0. Let s(y) be the third derivative of y**4/4 + y**3/6 + 4*y**2. What is the remainder when t is divided by s(5)?
29
Suppose -6 = -40*u + 37*u. Suppose 7*n + u*n = 180. What is the remainder when (-159)/(-2) - (-10)/n is divided by 21?
17
Let h be (-24)/18*(-2)/4*3. Suppose -h*b - 238 = -9*b. Suppose 82 = 4*u - b. Calculate the remainder when u is divided by 12.
5
Let t(q) = q**3 - 7*q**2 - 6*q - 12. Let a be t(8). Let l(w) = 3*w**2 - w - 8. What is the remainder when 214 is divided by l(a)?
34
Let s be 1/((-4)/(-6)*(-9)/(-564)). Let j = s - -28. Suppose -3*m + 5*n = -60, -m + 4*n = -3*m + 62. What is the remainder when j is divided by m?
22
Suppose 5*p - 8 = p. Let w = 10271 - 10258. Calculate the remainder when w is divided by p.
1
Suppose -44 = -2*p - 2*o, -3*p + 3*o = -179 + 101. Calculate the remainder when 942 is divided by p.
6
Calculate the remainder when 9/(-39) + 22257/117 is divided by 27.
1
Let a(x) = -18*x - 2. Let h = 8820 + -8461. What is the remainder when h is divided by a(-3)?
47
Suppose 2*y = -d + 88, -53*d + 3*y - 440 = -58*d. Calculate the remainder when 416 is divided by d.
64
Suppose -96142*p + 96162*p - 700 = 0. Calculate the remainder when 66 is divided by p.
31
Suppose -5 = -15*y + 40. Suppose -2*h + 203 = y*m, 349 = 9*m - 4*m - 2*h. What is the remainder when m is divided by 6?
3
Suppose 59*p + 18 = 60*p. Suppose 0 = -7*q + p + 45. What is the remainder when 34 is divided by q?
7
Suppose 26 + 80 = 53*i. Suppose 2*y = i*b + 582, 574 = -6*y + 8*y - 4*b. Calculate the remainder when y is divided by 27.
25
Let d = -1670 - -1742. What is the remainder when d is divided by 33?
6
Suppose 17*x + 2708 - 7052 = 3527. Calculate the remainder when x is divided by 98.
71
Suppose -28*b - 7518 = -r - 33*b, b - 1 = 0. Calculate the remainder when r is divided by 26.
25
Calculate the remainder when 10/14 + (-141404)/(-406) is divided by 15.
4
Let m = -106 + 106. Suppose -4*b = -5*j + 265, 0*j + 3*j - b - 159 = m. What is the remainder when j is divided by 5?
3
Let z(p) = -397*p - 2215. What is the remainder when 2264 is divided by z(-7)?
8
Suppose -41*a = -44*a + 192. Suppose -124*s + a = -116*s. What is the remainder when 462 is divided by s?
6
Let j be 120/(-90)*30/(-8). Suppose 0 = 5*r + 3*w - 935, -j*r - 3*w = -8*w - 935. Let g = -105 + 152. Calculate the remainder when r is divided by g.
46
Calculate the remainder when (20/(-4) - -4)*2841/9*-3 is divided by 25.
22
Suppose 51 = -4*h - 3*v + 374, -5*h = 4*v - 405. Let p = h + -97. Calculate the remainder when (-351)/(-4) - (-15)/p - -2 is divided by 15.
14
Let d(m) = 6*m**2 - 39*m + 28. Let a(t) = -5*t**2 + 40*t - 28. Let o(q) = -3*a(q) - 2*d(q). What is the remainder when o(14) is divided by 18?
10
What is the remainder when ((-20)/50)/(6/(-31605)*7) is divided by -1 - (-39)/((-2)/(-2))?
35
Let f(v) = -2*v + 13. Let 